
Let z(v) = 9*v**3 - 831*v**2 - 5939*v - 120. What is z(99)?
-21
Let i(w) = 112*w + 1087. Determine i(-10).
-33
Let f(c) = -c**3 - 322*c**2 + 3215*c + 78107. Give f(-331).
-9
Let t(q) = q**3 - 43*q**2 + 114*q + 5084. What is t(16)?
-4
Let i(w) = -14782*w + 16032. Determine i(1).
1250
Let w(y) = -40*y**3 + 613*y**2 + 436*y - 81. Calculate w(16).
-17
Let q(f) = 102*f + 24657. What is q(-240)?
177
Let v(r) = -r**2 + 143786*r - 1438008. What is v(10)?
-248
Let t(w) = -42*w**2 + 1774*w + 141. Calculate t(42).
561
Let z(p) = 16*p**2 - 445*p - 460. Give z(-1).
1
Let d(g) = -40*g**2 + 508*g - 533. What is d(17)?
-3457
Let i(u) = u**3 - 41*u**2 + 1005*u - 33833. Give i(38).
25
Let x(l) = 185*l**2 + 2831*l + 21. Give x(-15).
-819
Let j(w) = -7610*w**2 + 7610*w + 2. Determine j(1).
2
Let x(k) = 648*k**2 - 4188*k - 2441. Give x(7).
-5
Let x(g) = -5155*g - 41477. Give x(-8).
-237
Let x(r) = -818*r + 7403. Determine x(8).
859
Let q(f) = f**3 + 36*f**2 - 66*f - 269. What is q(4)?
107
Let t(n) = -n**3 - 193*n**2 + 1804*n - 3100. Give t(-202).
-272
Let z(t) = -96*t**3 - 863*t**2 + 17*t + 40. Calculate z(-9).
-32
Let x(k) = -156*k - 4729. Calculate x(-29).
-205
Let p(u) = 2*u**3 - 14*u**2 + 44*u + 11. Determine p(5).
131
Let g(f) = 5971*f - 2292770. Calculate g(384).
94
Let a(h) = 99*h**2 + 2259*h - 389. Give a(-23).
25
Let a(t) = 380*t**3 - 5*t**2 - 41*t - 67. Determine a(-2).
-3045
Let z(h) = h**2 - 99447*h - 397810. What is z(-4)?
-6
Let q(n) = 184*n + 3333. Give q(-18).
21
Let q(v) = -1609*v - 14681. Determine q(-9).
-200
Let r(m) = -2*m**3 + 289*m**2 - 151*m + 1010. Determine r(144).
2
Let h(s) = 480*s + 4768. Calculate h(-6).
1888
Let b(a) = 98699*a - 690859. Determine b(7).
34
Let w(n) = -2*n**2 + 484*n - 16794. Calculate w(200).
6
Let m(s) = 5*s**2 + 3*s - 38. Calculate m(-18).
1528
Let z(r) = 14*r**2 + 2915*r - 11252. Determine z(-212).
-16
Let f(l) = 138371*l - 138362. Determine f(1).
9
Let z(u) = 70*u - 184. Calculate z(1).
-114
Let f(l) = l**3 - 105*l**2 + 879*l - 134. What is f(9)?
1
Let w(u) = -2*u**3 + 1624*u**2 + 19749*u + 22202. Calculate w(824).
-46
Let l(f) = -4127*f + 160960. Calculate l(39).
7
Let n(h) = -h**2 - 2113*h + 1250767. Calculate n(482).
-23
Let u(o) = -13*o**2 + 4*o + 36. Calculate u(3).
-69
Let k(y) = 60*y**2 + 3100*y - 1056. Give k(-52).
-16
Let u(k) = 6*k**2 + 391*k + 687. Calculate u(-63).
-132
Let b(w) = -w**2 + 4848*w + 205389. Calculate b(-42).
9
Let j(r) = 1469*r + 13258. What is j(-9)?
37
Let q(t) = -1033*t - 95397. Give q(-93).
672
Let m(f) = -f**2 - 602026*f - 10234137. Give m(-17).
16
Let p(g) = g**2 - 24*g - 10459. What is p(112)?
-603
Let t(v) = -27*v**2 - 16745*v + 33483. What is t(2)?
-115
Let a(d) = 15*d**2 - 22*d - 125. What is a(-9)?
1288
Let z(w) = 218*w + 8307. Give z(-37).
241
Let j(s) = 1471*s + 58845. Calculate j(-40).
5
Let w(n) = -20860*n + 208577. Determine w(10).
-23
Let j(y) = -12*y**2 - 731*y + 22. Give j(0).
22
Let v(i) = 46*i + 669. Give v(-13).
71
Let h(u) = -u**3 + u**2 + 606*u + 4653. Determine h(-9).
9
Let k(m) = -m**3 + 20*m**2 + 491*m - 11250. Give k(24).
-1770
Let o(t) = 3*t**3 - 49*t**2 + 7. What is o(10)?
-1893
Let n(t) = 17*t**2 + 1230*t + 2717. Give n(-70).
-83
Let q(k) = 6*k**2 + 330*k - 23624. Give q(41).
-8
Let k(j) = -223632*j - 26388577. What is k(-118)?
-1
Let v(t) = -t**2 - 295*t + 584. Calculate v(0).
584
Let f(z) = z**3 - 223*z**2 + 2299*z + 49161. Give f(211).
-2
Let a(b) = -77*b - 5213. Give a(-60).
-593
Let y(k) = -k**2 + 1476*k - 318987. Give y(263).
32
Let w(o) = -o**3 - 6508*o**2 + 32617*o - 258. Determine w(5).
2
Let v(q) = -12*q + 930. Calculate v(37).
486
Let s(q) = 34*q**2 + 1295*q + 10679. Calculate s(-26).
-7
Let v(g) = 2*g**3 - 760*g**2 - 18532*g + 71. Calculate v(-23).
-67
Let r(o) = 2*o**3 - 336*o**2 + 190*o - 31822. What is r(168)?
98
Let i(g) = 1161436*g - 13937215. Give i(12).
17
Let y(x) = x**3 - 2564*x**2 - 20635*x - 473. Determine y(-8).
-1
Let b(c) = 6*c**2 + 43*c - 237. Give b(-10).
-67
Let n(l) = 3*l**2 + 1651*l - 124242. What is n(67)?
-158
Let v(a) = 3*a**2 - 1481*a + 182752. Give v(243).
16
Let x(o) = -19236*o + 57672. What is x(3)?
-36
Let f(x) = x**3 - 146*x**2 - 5290*x + 1819. What is f(176)?
59
Let n(j) = -1325*j + 34677. Calculate n(26).
227
Let q(b) = -442*b - 83959. What is q(-190)?
21
Let j(z) = -2641*z + 137340. What is j(52)?
8
Let y(s) = -120*s**2 - 18732*s - 1884. Give y(-156).
-12
Let x(g) = 5378*g - 473270. Calculate x(88).
-6
Let t(l) = 1499*l + 120031. Determine t(-80).
111
Let w(v) = 1727*v + 55248. Give w(-32).
-16
Let w(v) = -v**3 - 21*v**2 - 145*v + 53. What is w(-6)?
383
Let q(m) = -337*m**3 + 67*m - 66. Calculate q(1).
-336
Let b(i) = -i**3 + 15*i**2 - 223*i + 4405. Determine b(17).
36
Let n(i) = 30*i + 3264. Give n(-175).
-1986
Let q(m) = -2*m**3 + 148*m**2 - 405*m - 1488. Give q(71).
3
Let m(k) = 16*k**2 + 6893*k + 335846. Calculate m(-56).
14
Let t(y) = 7*y**3 - 393*y**2 - 50*y + 5929. What is t(56)?
-7
Let h(l) = 14*l**3 + 223*l**2 - 2*l + 71. Calculate h(-14).
5391
Let u(r) = -378*r - 10233. What is u(-27)?
-27
Let v(g) = 69*g**3 - 556*g**2 + 11*g + 113. Give v(8).
-55
Let j(c) = -11*c**3 - 36*c**2 - 64*c - 299. What is j(-4)?
85
Let p(w) = -11014*w + 88120. Determine p(8).
8
Let q(r) = 10637*r - 159357. Determine q(15).
198
Let b(f) = 209*f - 13784. Determine b(67).
219
Let b(s) = -s**3 - 48*s**2 - 199*s - 1421. What is b(-43)?
-2109
Let m(s) = -248*s - 11086. What is m(-44)?
-174
Let d(y) = -201*y + 43486. What is d(217)?
-131
Let s(u) = -u**2 + 241*u - 11213. What is s(54)?
-1115
Let x(m) = -2*m**2 + 68*m + 104. Give x(-15).
-1366
Let j(g) = -147007*g + 1323091. What is j(9)?
28
Let j(d) = 4*d**2 - 1999*d + 201436. Calculate j(140).
-24
Let p(b) = 2*b**2 + 12708*b - 306143. Give p(24).
1
Let r(b) = 356*b - 95855. Give r(267).
-803
Let c(n) = 5*n**3 + 2734*n**2 - 3293*n - 2734. Give c(-548).
6
Let x(n) = 3220*n + 35441. What is x(-11)?
21
Let k(v) = -7*v**3 + 65*v**2 - 41*v + 420. What is k(10)?
-490
Let z(q) = -102795*q - 10999060. Calculate z(-107).
5
Let d(n) = -157*n**3 + 2043*n**2 - 47*n + 208. Calculate d(13).
-65
Let m(d) = 5*d**2 + 598*d + 4929. What is m(-9)?
-48
Let t(r) = -r**2 + 2210*r + 138541. What is t(-61)?
10
Let i(t) = -93*t**2 + 298*t + 567. Give i(-2).
-401
Let k(q) = -2*q**3 + 515*q**2 + 2894*q + 55. What is k(263)?
318
Let p(m) = -2*m**3 - 17*m**2 + 121*m + 318. Calculate p(6).
0
Let r(o) = -5849464*o + 5849458. What is r(1)?
-6
Let y(r) = -74*r - 10266. Give y(-127).
-868
Let r(u) = 50044*u + 350302. What is r(-7)?
-6
Let z(c) = -4*c**3 - 78*c**2 - 28*c - 26. Give z(-6).
-1802
Let w(d) = 13*d**2 - 183*d - 97. What is w(14)?
-111
Let x(g) = -11*g**2 + 188*g + 1832. Calculate x(17).
1849
Let r(x) = 17*x**2 + 110*x - 7876. Determine r(-25).
-1
Let z(y) = 18*y**3 + 2571*y**2 - 428*y + 97. Calculate z(-143).
-46
Let h(x) = x**3 + 764*x**2 + 42242*x + 130. Give h(-60).
10
Let n(y) = -8019*y + 633478. Calculate n(79).
-23
Let v(k) = 97040*k - 291122. Give v(3).
-2
Let p(h) = 6*h**2 + 901*h + 186. What is p(-150)?
36
Let t(o) = -o**2 - 35064*o + 1193334. What is t(34)?
2
Let y(l) = 2*l**2 - 594*l + 448. Calculate y(0).
448
Let b(s) = -11*s**2 + 229*s - 1241. Calculate b(10).
-51
Let h(u) = 4*u**2 - 109*u + 1074. What is h(11)?
359
Let a(x) = 15584*x + 483122. Determine a(-31).
18
Let c(z) = -2*z**2 + 3505*z + 21080. Calculate c(-6).
-22
Let w(x) = x**3 + 15*x**2 - 835*x - 7060. Give w(-8).
68
Let v(o) = -12543*o - 176646. What is v(-14)?
-1044
Let j(v) = 199*v**2 + 1436*v + 2561. Determine j(-4).
1
Let w(x) = 1704*x**2 + 20471*x + 23. Give w(-12).
-253
Let l(x) = x**3 - 28*x**2 + 160*x + 304. What is l(19)?
95
Let j(x) = -x**2 - 199*x + 6088. Determine j(-226).
-14
Let s(o) = -2*o**3 + 570*o**2 - 1684*o - 2260. What is s(282)?
-4
Let q(u) = -517*u - 138007. Give q(-267).
32
Let w(i) = 2480*i - 27838. Determine w(11).
-558
Let t(a) = -52834*a + 1426515. Give t(27).
-3
Let p(s) = 6*s**2 - 288*s - 169924. Give p(194).
20
Let g(t) = 2001*t - 230122. What is g(115)?
-7
Let d(r) = -r**3 + 20*r**2 + 223*r - 4296. Determine d(21).
-54
Let m(b) = -51697*b + 103502. Determine m(2).
108
Let c(j) = -2*j**3 - 40*j**2 - 1273*j - 25462. Calculate c(-20).
-2
Let c(h) = -193*h**3 + 25*h**2 + 49*h - 1. Determine c(-2).
15